[INFO] fetching crate nat_traversal 0.3.4...
[INFO] checking nat_traversal-0.3.4 against try#72f88fc4e9458f89516a0b8b0868f3718aec5b47 for pr-74989
[INFO] extracting crate nat_traversal 0.3.4 into /workspace/builds/worker-1/source
[INFO] validating manifest of crates.io crate nat_traversal 0.3.4 on toolchain 72f88fc4e9458f89516a0b8b0868f3718aec5b47
[INFO] running `Command { std: "/workspace/cargo-home/bin/cargo" "+72f88fc4e9458f89516a0b8b0868f3718aec5b47" "read-manifest" "--manifest-path" "Cargo.toml", kill_on_drop: false }`
[INFO] started tweaking crates.io crate nat_traversal 0.3.4
[INFO] finished tweaking crates.io crate nat_traversal 0.3.4
[INFO] tweaked toml for crates.io crate nat_traversal 0.3.4 written to /workspace/builds/worker-1/source/Cargo.toml
[INFO] running `Command { std: "/workspace/cargo-home/bin/cargo" "+72f88fc4e9458f89516a0b8b0868f3718aec5b47" "generate-lockfile" "--manifest-path" "Cargo.toml" "-Zno-index-update", kill_on_drop: false }`
[INFO] running `Command { std: "/workspace/cargo-home/bin/cargo" "+72f88fc4e9458f89516a0b8b0868f3718aec5b47" "fetch" "--locked" "--manifest-path" "Cargo.toml", kill_on_drop: false }`
[INFO] [stderr]     Blocking waiting for file lock on package cache
[INFO] running `Command { std: "docker" "create" "-v" "/var/lib/crater-agent-workspace/builds/worker-1/target:/opt/rustwide/target:rw,Z" "-v" "/var/lib/crater-agent-workspace/builds/worker-1/source:/opt/rustwide/workdir:ro,Z" "-v" "/var/lib/crater-agent-workspace/cargo-home:/opt/rustwide/cargo-home:ro,Z" "-v" "/var/lib/crater-agent-workspace/rustup-home:/opt/rustwide/rustup-home:ro,Z" "-e" "SOURCE_DIR=/opt/rustwide/workdir" "-e" "CARGO_TARGET_DIR=/opt/rustwide/target" "-e" "CARGO_HOME=/opt/rustwide/cargo-home" "-e" "RUSTUP_HOME=/opt/rustwide/rustup-home" "-w" "/opt/rustwide/workdir" "-m" "1610612736" "--user" "0:0" "--network" "none" "rustops/crates-build-env@sha256:d92eaeed33fa75130ca1ee6c8a01d1ffb62bac859dfdfb3450e3e5d1c0146529" "/opt/rustwide/cargo-home/bin/cargo" "+72f88fc4e9458f89516a0b8b0868f3718aec5b47" "metadata" "--no-deps" "--format-version=1", kill_on_drop: false }`
[INFO] [stdout] 0b8a874b10f0a6d06a7dbcf353a48c1b522f2c4d26a937fce0f822444e8a702d
[INFO] [stderr] WARNING: Your kernel does not support swap limit capabilities or the cgroup is not mounted. Memory limited without swap.
[INFO] running `Command { std: "docker" "start" "-a" "0b8a874b10f0a6d06a7dbcf353a48c1b522f2c4d26a937fce0f822444e8a702d", kill_on_drop: false }`
[INFO] running `Command { std: "docker" "inspect" "0b8a874b10f0a6d06a7dbcf353a48c1b522f2c4d26a937fce0f822444e8a702d", kill_on_drop: false }`
[INFO] running `Command { std: "docker" "rm" "-f" "0b8a874b10f0a6d06a7dbcf353a48c1b522f2c4d26a937fce0f822444e8a702d", kill_on_drop: false }`
[INFO] [stdout] 0b8a874b10f0a6d06a7dbcf353a48c1b522f2c4d26a937fce0f822444e8a702d
[INFO] running `Command { std: "docker" "create" "-v" "/var/lib/crater-agent-workspace/builds/worker-1/target:/opt/rustwide/target:rw,Z" "-v" "/var/lib/crater-agent-workspace/builds/worker-1/source:/opt/rustwide/workdir:ro,Z" "-v" "/var/lib/crater-agent-workspace/cargo-home:/opt/rustwide/cargo-home:ro,Z" "-v" "/var/lib/crater-agent-workspace/rustup-home:/opt/rustwide/rustup-home:ro,Z" "-e" "SOURCE_DIR=/opt/rustwide/workdir" "-e" "CARGO_TARGET_DIR=/opt/rustwide/target" "-e" "CARGO_INCREMENTAL=0" "-e" "RUST_BACKTRACE=full" "-e" "RUSTFLAGS=--cap-lints=forbid" "-e" "CARGO_HOME=/opt/rustwide/cargo-home" "-e" "RUSTUP_HOME=/opt/rustwide/rustup-home" "-w" "/opt/rustwide/workdir" "-m" "1610612736" "--user" "0:0" "--network" "none" "rustops/crates-build-env@sha256:d92eaeed33fa75130ca1ee6c8a01d1ffb62bac859dfdfb3450e3e5d1c0146529" "/opt/rustwide/cargo-home/bin/cargo" "+72f88fc4e9458f89516a0b8b0868f3718aec5b47" "check" "--frozen" "--all" "--all-targets" "--message-format=json", kill_on_drop: false }`
[INFO] [stdout] e7848705e4dde8cd7e0b9d45b12b35ca76c3e106bcdb27afff641b37764a905d
[INFO] [stderr] WARNING: Your kernel does not support swap limit capabilities or the cgroup is not mounted. Memory limited without swap.
[INFO] running `Command { std: "docker" "start" "-a" "e7848705e4dde8cd7e0b9d45b12b35ca76c3e106bcdb27afff641b37764a905d", kill_on_drop: false }`
[INFO] [stderr]    Compiling winapi-build v0.1.1
[INFO] [stderr]     Checking winapi v0.2.8
[INFO] [stderr]     Checking rustc-serialize v0.3.24
[INFO] [stderr]    Compiling version_check v0.1.5
[INFO] [stderr]     Checking bytes v0.3.0
[INFO] [stderr]     Checking utf8-ranges v0.1.3
[INFO] [stderr]     Checking percent-encoding v1.0.1
[INFO] [stderr]     Checking regex-syntax v0.3.9
[INFO] [stderr]     Checking slab v0.1.3
[INFO] [stderr]     Checking bitflags v0.7.0
[INFO] [stderr]     Checking language-tags v0.0.7
[INFO] [stderr]     Checking serde v0.7.15
[INFO] [stderr]    Compiling num-traits v0.2.12
[INFO] [stderr]    Compiling num-integer v0.1.43
[INFO] [stderr]    Compiling num-iter v0.1.41
[INFO] [stderr]    Compiling libsodium-sys v0.0.16
[INFO] [stderr]     Checking idna v0.1.5
[INFO] [stderr]     Checking xml-rs v0.3.6
[INFO] [stderr]     Checking rand v0.4.6
[INFO] [stderr]     Checking memchr v0.1.11
[INFO] [stderr]     Checking nix v0.5.1
[INFO] [stderr]     Checking num_cpus v0.2.13
[INFO] [stderr]     Checking get_if_addrs v0.4.1
[INFO] [stderr]     Checking log v0.3.9
[INFO] [stderr]     Checking sha1 v0.1.1
[INFO] [stderr]     Checking xml-rs v0.1.26
[INFO] [stderr]     Checking aho-corasick v0.5.3
[INFO] [stdout] error: no rules expected the token `flags`
[INFO] [stdout]    --> /opt/rustwide/cargo-home/registry/src/github.com-1ecc6299db9ec823/xml-rs-0.1.26/src/writer/emitter.rs:115:5
[INFO] [stdout]     |
[INFO] [stdout] 115 |     flags IndentFlags: u8 {
[INFO] [stdout]     |     ^^^^^ no rules expected this token in macro call
[INFO] [stdout] 
[INFO] [stdout] 
[INFO] [stderr]    Compiling kernel32-sys v0.2.2
[INFO] [stdout] error[E0433]: failed to resolve: use of undeclared type or module `IndentFlags`
[INFO] [stdout]   --> /opt/rustwide/cargo-home/registry/src/github.com-1ecc6299db9ec823/xml-rs-0.1.26/src/writer/emitter.rs:77:32
[INFO] [stdout]    |
[INFO] [stdout] 77 |             indent_stack: vec!(IndentFlags::empty()),
[INFO] [stdout]    |                                ^^^^^^^^^^^ use of undeclared type or module `IndentFlags`
[INFO] [stdout] 
[INFO] [stdout] 
[INFO] [stdout] error[E0412]: cannot find type `IndentFlags` in this scope
[INFO] [stdout]   --> /opt/rustwide/cargo-home/registry/src/github.com-1ecc6299db9ec823/xml-rs-0.1.26/src/writer/emitter.rs:64:23
[INFO] [stdout]    |
[INFO] [stdout] 58 | pub struct Emitter {
[INFO] [stdout]    |                   - help: you might be missing a type parameter: `<IndentFlags>`
[INFO] [stdout] ...
[INFO] [stdout] 64 |     indent_stack: Vec<IndentFlags>,
[INFO] [stdout]    |                       ^^^^^^^^^^^ not found in this scope
[INFO] [stdout] 
[INFO] [stdout] 
[INFO] [stdout] error[E0425]: cannot find value `WROTE_TEXT` in this scope
[INFO] [stdout]    --> /opt/rustwide/cargo-home/registry/src/github.com-1ecc6299db9ec823/xml-rs-0.1.26/src/writer/emitter.rs:131:52
[INFO] [stdout]     |
[INFO] [stdout] 131 |         self.indent_stack.last().unwrap().contains(WROTE_TEXT)
[INFO] [stdout]     |                                                    ^^^^^^^^^^ not found in this scope
[INFO] [stdout] 
[INFO] [stdout] 
[INFO] [stdout] error[E0425]: cannot find value `WROTE_MARKUP` in this scope
[INFO] [stdout]    --> /opt/rustwide/cargo-home/registry/src/github.com-1ecc6299db9ec823/xml-rs-0.1.26/src/writer/emitter.rs:136:52
[INFO] [stdout]     |
[INFO] [stdout] 136 |         self.indent_stack.last().unwrap().contains(WROTE_MARKUP)
[INFO] [stdout]     |                                                    ^^^^^^^^^^^^ not found in this scope
[INFO] [stdout] 
[INFO] [stdout] 
[INFO] [stdout] error[E0425]: cannot find value `WROTE_TEXT` in this scope
[INFO] [stdout]    --> /opt/rustwide/cargo-home/registry/src/github.com-1ecc6299db9ec823/xml-rs-0.1.26/src/writer/emitter.rs:141:50
[INFO] [stdout]     |
[INFO] [stdout] 141 |         *self.indent_stack.last_mut().unwrap() = WROTE_TEXT;
[INFO] [stdout]     |                                                  ^^^^^^^^^^ not found in this scope
[INFO] [stdout] 
[INFO] [stdout] 
[INFO] [stdout] error[E0425]: cannot find value `WROTE_MARKUP` in this scope
[INFO] [stdout]    --> /opt/rustwide/cargo-home/registry/src/github.com-1ecc6299db9ec823/xml-rs-0.1.26/src/writer/emitter.rs:146:50
[INFO] [stdout]     |
[INFO] [stdout] 146 |         *self.indent_stack.last_mut().unwrap() = WROTE_MARKUP;
[INFO] [stdout]     |                                                  ^^^^^^^^^^^^ not found in this scope
[INFO] [stdout] 
[INFO] [stdout] 
[INFO] [stdout] error[E0425]: cannot find value `WROTE_NOTHING` in this scope
[INFO] [stdout]    --> /opt/rustwide/cargo-home/registry/src/github.com-1ecc6299db9ec823/xml-rs-0.1.26/src/writer/emitter.rs:151:50
[INFO] [stdout]     |
[INFO] [stdout] 151 |         *self.indent_stack.last_mut().unwrap() = WROTE_NOTHING;
[INFO] [stdout]     |                                                  ^^^^^^^^^^^^^ not found in this scope
[INFO] [stdout] 
[INFO] [stdout] 
[INFO] [stdout] error[E0425]: cannot find value `WROTE_NOTHING` in this scope
[INFO] [stdout]    --> /opt/rustwide/cargo-home/registry/src/github.com-1ecc6299db9ec823/xml-rs-0.1.26/src/writer/emitter.rs:179:32
[INFO] [stdout]     |
[INFO] [stdout] 179 |         self.indent_stack.push(WROTE_NOTHING);
[INFO] [stdout]     |                                ^^^^^^^^^^^^^ not found in this scope
[INFO] [stdout] 
[INFO] [stdout] 
[INFO] [stderr]    Compiling ws2_32-sys v0.2.1
[INFO] [stderr]     Checking hpack v0.2.0
[INFO] [stderr]     Checking w_result v0.1.2
[INFO] [stdout] error: aborting due to 9 previous errors
[INFO] [stdout] 
[INFO] [stdout] 
[INFO] [stdout] Some errors have detailed explanations: E0412, E0425, E0433.
[INFO] [stdout] 
[INFO] [stdout] For more information about an error, try `rustc --explain E0412`.
[INFO] [stdout] 
[INFO] [stderr] error: could not compile `xml-rs`.
[INFO] [stderr] 
[INFO] [stderr] To learn more, run the command again with --verbose.
[INFO] [stderr] warning: build failed, waiting for other jobs to finish...
[INFO] [stderr] error: build failed
[INFO] running `Command { std: "docker" "inspect" "e7848705e4dde8cd7e0b9d45b12b35ca76c3e106bcdb27afff641b37764a905d", kill_on_drop: false }`
[INFO] running `Command { std: "docker" "rm" "-f" "e7848705e4dde8cd7e0b9d45b12b35ca76c3e106bcdb27afff641b37764a905d", kill_on_drop: false }`
[INFO] [stdout] e7848705e4dde8cd7e0b9d45b12b35ca76c3e106bcdb27afff641b37764a905d
